es 21 divide 17073?
True
Is 312 a factor of 12211?
False
Is 38745 a multiple of 35?
True
Does 3 divide 285?
True
Is 10 a factor of 1533?
False
Is 34 a factor of 375?
False
Is 12 a factor of 11946?
False
Is 18 a factor of 8928?
True
Does 24 divide 240?
True
Is 21 a factor of 1160?
False
Is 6435 a multiple of 45?
True
Is 44 a factor of 2070?
False
Does 78 divide 39395?
False
Is 5400 a multiple of 72?
True
Does 214 divide 7276?
True
Is 3510 a multiple of 65?
True
Does 41 divide 1086?
False
Is 65 a factor of 1158?
False
Does 44 divide 2709?
False
Is 89200 a multiple of 20?
True
Is 208 a multiple of 11?
False
Is 261 a factor of 47502?
True
Is 9 a factor of 63?
True
Is 278 a multiple of 24?
False
Is 13 a factor of 158?
False
Is 11346 a multiple of 183?
True
Does 150 divide 14990?
False
Is 16 a factor of 7024?
True
Does 7 divide 1673?
True
Does 54 divide 324?
True
Is 172 a factor of 4438?
False
Is 20 a factor of 53785?
False
Does 59 divide 18998?
True
Is 27070 a multiple of 3?
False
Is 576 a multiple of 4?
True
Does 28 divide 5786?
False
Is 15 a factor of 13922?
False
Is 12 a factor of 2310?
False
Does 140 divide 3640?
True
Is 4 a factor of 17552?
True
Does 4 divide 2080?
True
Is 41 a factor of 11617?
False
Is 33 a factor of 460?
False
Does 17 divide 1700?
True
Does 3 divide 199?
False
Is 9 a multiple of 4?
False
Is 695 a multiple of 2?
False
Is 20236 a multiple of 5?
False
Does 14 divide 5026?
True
Does 108 divide 1830?
False
Is 10 a factor of 20932?
False
Does 2 divide 1007?
False
Is 193 a multiple of 2?
False
Is 40161 a multiple of 317?
False
Is 276 a multiple of 21?
False
Is 2728 a multiple of 20?
False
Does 147 divide 5683?
False
Is 11 a factor of 5861?
False
Is 39 a factor of 9945?
True
Is 3 a factor of 105?
True
Is 12 a factor of 4308?
True
Is 2 a factor of 2720?
True
Does 10 divide 1045?
False
Is 6 a factor of 66?
True
Is 196 a factor of 47654?
False
Does 29 divide 1073?
True
Is 12 a factor of 216?
True
Is 344 a multiple of 10?
False
Is 1679 a multiple of 23?
True
Is 188 a factor of 14288?
True
Does 36 divide 792?
True
Is 8 a factor of 848?
True
Is 18 a factor of 517?
False
Does 74 divide 6512?
True
Does 12 divide 288?
True
Does 72 divide 2952?
True
Is 30 a multiple of 10?
True
Is 26 a factor of 13114?
False
Is 10267 a multiple of 90?
False
Is 33 a factor of 15997?
False
Does 32 divide 625?
False
Does 15 divide 75?
True
Is 275 a multiple of 5?
True
Is 25151 a multiple of 208?
False
Does 3 divide 7699?
False
Does 26 divide 12028?
False
Does 28 divide 1960?
True
Is 20 a factor of 708?
False
Is 20 a factor of 2122?
False
Does 14 divide 3948?
True
Does 26 divide 347?
False
Is 42 a factor of 29358?
True
Does 32 divide 640?
True
Does 19 divide 12008?
True
Does 24 divide 522?
False
Is 4 a factor of 30876?
True
Is 10 a factor of 3195?
False
Does 18 divide 7552?
False
Is 4412 a multiple of 66?
False
Is 38 a factor of 5221?
False
Is 5 a factor of 4070?
True
Does 29 divide 1798?
True
Is 194 even?
True
Does 28 divide 1988?
True
Is 1030 a multiple of 10?
True
Does 96 divide 7872?
True
Does 11 divide 4789?
False
Is 67 a factor of 2144?
True
Does 108 divide 26886?
False
Does 114 divide 2827?
False
Is 65532 a multiple of 258?
True
Is 2945 a multiple of 39?
False
Is 31 a factor of 63116?
True
Does 3 divide 218?
False
Does 127 divide 35306?
True
Is 2 a factor of 697?
False
Does 47 divide 20569?
False
Is 269 a factor of 17064?
False
Is 984 a multiple of 3?
True
Is 306 a multiple of 102?
True
Is 20769 a multiple of 161?
True
Is 234 a multiple of 2?
True
Does 131 divide 2882?
True
Is 1640 a multiple of 120?
False
Does 32 divide 64?
True
Does 13 divide 210?
False
Does 125 divide 25814?
False
Does 26 divide 2054?
True
Is 1392 a multiple of 13?
False
Is 53132 a multiple of 148?
True
Does 77 divide 231?
True
Does 89 divide 2416?
False
Is 188 a multiple of 47?
True
Is 5124 a multiple of 21?
True
Does 15 divide 2760?
True
Is 12 a factor of 21307?
False
Is 46 a factor of 322?
True
Is 2332 a multiple of 9?
False
Is 18 even?
True
Is 957 a multiple of 11?
True
Does 50 divide 1073?
False
Does 4 divide 172?
True
Is 158 a factor of 50718?
True
Is 112 a multiple of 28?
True
Does 73 divide 2336?
True
Is 107 a factor of 9457?
False
Is 68 a factor of 1768?
True
Is 184 a factor of 56321?
False
Does 46 divide 1966?
False
Is 4 a factor of 144?
True
Does 12 divide 7299?
False
Does 83 divide 1504?
False
Is 15289 a multiple of 133?
False
Is 6 a factor of 625?
False
Does 12 divide 14412?
True
Does 77 divide 1161?
False
Is 19350 a multiple of 129?
True
Is 52591 a multiple of 36?
False
Does 12 divide 65592?
True
Does 200 divide 8200?
True
Is 42 a factor of 7224?
True
Does 25 divide 20825?
True
Does 35 divide 4629?
False
Is 15965 a multiple of 12?
False
Does 7 divide 16681?
True
Is 29 a factor of 871?
False
Does 33 divide 54714?
True
Does 94 divide 11167?
False
Is 8744 a multiple of 34?
False
Is 49 a factor of 623?
False
Does 6 divide 2298?
True
Is 725 a multiple of 45?
False
Is 307 a multiple of 32?
False
Is 99 a factor of 11286?
True
Is 2014 a multiple of 102?
False
Is 12 a factor of 19488?
True
Does 93 divide 1767?
True
Is 76 a factor of 138?
False
Is 178 a factor of 6462?
False
Is 20 a factor of 26?
False
Does 13 divide 4836?
True
Is 359 a multiple of 41?
False
Does 120 divide 84972?
False
Does 4 divide 1180?
True
Does 12 divide 348?
True
Does 57 divide 10056?
False
Is 3712 a multiple of 64?
True
Does 39 divide 4091?
False
Does 10 divide 570?
True
Is 3 a factor of 8?
False
Does 156 divide 18408?
True
Is 4 a factor of 13292?
True
Is 19 a factor of 1064?
True
Does 16 divide 2848?
True
Is 9808 a multiple of 3?
False
Is 34146 a multiple of 14?
True
Does 69 divide 621?
True
Is 319 a multiple of 7?
False
Does 25 divide 71?
False
Does 63 divide 126?
True
Is 6025 a multiple of 241?
True
Does 30 divide 1895?
False
Does 38 divide 2508?
True
Does 18 divide 42462?
True
Is 27 a factor of 632?
False
Is 85 a multiple of 16?
False
Is 22 a factor of 4290?
True
Is 59 a factor of 4729?
False
Does 17 divide 4475?
False
Does 30 divide 1950?
True
Is 8355 a multiple of 15?
True
Is 1212 a multiple of 8?
False
Does 2 divide 172?
True
Does 42 divide 62538?
True
Is 100113 a multiple of 51?
True
Is 24 a factor of 211?
False
Is 1055 a multiple of 4?
False
Is 67 a factor of 8978?
True
Is 80 a factor of 12171?
False
Is 60 a factor of 3300?
True
Does 56 divide 6496?
True
Does 58 divide 1068?
False
Is 23171 a multiple of 29?
True
Is 2070 a multiple of 45?
True
Is 42446 a multiple of 62?
False
Is 2017 a multiple of 14?
False
Does 15 divide 1515?
True
Does 16 divide 24807?
False
Is 7 a factor of 592?
False
Is 16255 a multiple of 60?
False
Is 150 a factor of 2531?
False
Is 28 a factor of 418?
False
Is 7 a factor of 9822?
False
Does 4 divide 871?
False
Does 120 divide 1136?
False
Does 86 divide 19505?
False
Is 7291 a multiple of 23?
True
Is 10 even?
True
Is 22267 a multiple of 31?
False
Is 868 a multiple of 28?
True
Does 59 divide 31152?
True
Does 20 divide 49934?
False
Does 14 divide 2082?
False
Is 920 a multiple of 13?
False
Is 79 a factor of 5846?
True
Is 146 a multiple of 5?
False
Does 15 divide 5073?
False
Is 47 a factor of 9964?
True
Is 108 a factor of 324?
True
Is 440 a multiple of 40?
True
Is 20 a factor of 280?
True
Does 4 divide 588?
True
Does 47 divide 30080?
True
Is 584 a multiple of 6?
False
Is 5 a factor of 825?
True
Is 308 a multiple of 77?
True
Is 260 a multiple of 10?
True
Is 31 a factor of 930?
True
Does 194 divide 4268?
True
Does 156 divide 49944?
False
Is 347 a multiple of 59?
False
Is 29 a factor of 928?
True
Is 350 a multiple of 25?
True
Is 103774 a multiple of 89?
True
Is 7944 a multiple of 41?
False
Does 110 divide 1216?
False
Is 36069 a multiple of 10?
False
Is 546 a multiple of 6?
True
Is 16 a factor of 5376?
True
Is 583 a multiple of 4?
False
Is 294 a multiple of 3?
True
Is 29 a factor of 10805?
False
Is 7 a factor of 1778?
True
Does 73 divide 27107?
False
Is 13218 a multiple of 22?
False
Is 3 a factor of 1015?
False
Is 994 a multiple of 14?
True
Is 63 a multiple of 3?
True
Does 19 divide 760?
True
Is 17360 a multiple of 182?
False
Does 99 divide 60762?
False
Does 3 divide 329?
False
Does 15 divide 9855?
True
Is 3264 a multiple of 54?
False
Is 4788 a multiple of 12?
True
Does 15 divide 538?